ivided by 13?
9
What is the remainder when 302 is divided by 141?
20
What is the remainder when 136 is divided by 16?
8
What is the remainder when 5396 is divided by 216?
212
What is the remainder when 649 is divided by 109?
104
Calculate the remainder when 200 is divided by 17.
13
What is the remainder when 59 is divided by 17?
8
Calculate the remainder when 299 is divided by 12.
11
What is the remainder when 115 is divided by 33?
16
What is the remainder when 154 is divided by 70?
14
Calculate the remainder when 357 is divided by 45.
42
Calculate the remainder when 511 is divided by 7.
0
What is the remainder when 236 is divided by 51?
32
What is the remainder when 115 is divided by 7?
3
What is the remainder when 263 is divided by 14?
11
Calculate the remainder when 165 is divided by 34.
29
What is the remainder when 25 is divided by 4?
1
Calculate the remainder when 5065 is divided by 10.
5
What is the remainder when 51 is divided by 14?
9
Calculate the remainder when 486 is divided by 82.
76
Calculate the remainder when 4020 is divided by 15.
0
Calculate the remainder when 436 is divided by 88.
84
Calculate the remainder when 293 is divided by 186.
107
Calculate the remainder when 377 is divided by 108.
53
Calculate the remainder when 2955 is divided by 1461.
33
What is the remainder when 2008 is divided by 41?
40
Calculate the remainder when 39 is divided by 7.
4
What is the remainder when 85 is divided by 30?
25
What is the remainder when 102 is divided by 23?
10
What is the remainder when 897 is divided by 34?
13
Calculate the remainder when 145 is divided by 92.
53
Calculate the remainder when 2951 is divided by 6.
5
Calculate the remainder when 65 is divided by 28.
9
Calculate the remainder when 9154 is divided by 42.
40
What is the remainder when 3876 is divided by 67?
57
What is the remainder when 458 is divided by 20?
18
Calculate the remainder when 62 is divided by 15.
2
What is the remainder when 122 is divided by 45?
32
Calculate the remainder when 3343 is divided by 22.
21
Calculate the remainder when 1546 is divided by 47.
42
What is the remainder when 916 is divided by 40?
36
Calculate the remainder when 27 is divided by 7.
6
What is the remainder when 864 is divided by 97?
88
What is the remainder when 516 is divided by 89?
71
What is the remainder when 143 is divided by 24?
23
What is the remainder when 1774 is divided by 89?
83
Calculate the remainder when 773 is divided by 196.
185
Calculate the remainder when 352 is divided by 88.
0
Calculate the remainder when 2502 is divided by 1251.
0
Calculate the remainder when 418 is divided by 43.
31
What is the remainder when 185 is divided by 91?
3
Calculate the remainder when 301 is divided by 102.
97
Calculate the remainder when 886 is divided by 53.
38
What is the remainder when 102 is divided by 50?
2
Calculate the remainder when 76 is divided by 10.
6
Calculate the remainder when 110 is divided by 71.
39
What is the remainder when 846 is divided by 147?
111
What is the remainder when 30 is divided by 4?
2
What is the remainder when 1663 is divided by 119?
116
Calculate the remainder when 3392 is divided by 87.
86
Calculate the remainder when 5614 is divided by 18.
16
What is the remainder when 288 is divided by 85?
33
What is the remainder when 94 is divided by 38?
18
What is the remainder when 36 is divided by 2?
0
Calculate the remainder when 75 is divided by 39.
36
Calculate the remainder when 5807 is divided by 323.
316
Calculate the remainder when 72 is divided by 31.
10
What is the remainder when 867 is divided by 348?
171
What is the remainder when 307 is divided by 39?
34
What is the remainder when 1294 is divided by 48?
46
Calculate the remainder when 1133 is divided by 308.
209
Calculate the remainder when 17938 is divided by 92.
90
What is the remainder when 83 is divided by 75?
8
What is the remainder when 102 is divided by 53?
49
What is the remainder when 53 is divided by 18?
17
Calculate the remainder when 2321 is divided by 7.
4
What is the remainder when 190 is divided by 131?
59
Calculate the remainder when 14 is divided by 5.
4
What is the remainder when 251 is divided by 38?
23
What is the remainder when 980 is divided by 51?
11
What is the remainder when 309 is divided by 309?
0
Calculate the remainder when 273 is divided by 11.
9
Calculate the remainder when 550 is divided by 50.
0
What is the remainder when 287 is divided by 97?
93
Calculate the remainder when 1048 is divided by 31.
25
What is the remainder when 47 is divided by 16?
15
Calculate the remainder when 463 is divided by 16.
15
Calculate the remainder when 455 is divided by 76.
75
Calculate the remainder when 1766 is divided by 871.
24
What is the remainder when 676 is divided by 113?
111
Calculate the remainder when 733 is divided by 105.
103
What is the remainder when 435 is divided by 158?
119
What is the remainder when 343 is divided by 5?
3
What is the remainder when 184 is divided by 31?
29
Calculate the remainder when 214 is divided by 128.
86
What is the remainder when 171 is divided by 59?
53
What is the remainder when 613 is divided by 14?
11
What is the remainder when 539 is divided by 473?
66
What is the remainder when 205 is divided by 74?
57
What is the remainder when 1453 is divided by 5?
3
What is the remainder when 839 is divided by 30?
29
Calculate the remainder when 271 is divided by 23.
18
Calculate the remainder when 255 is divided by 64.
63
Calculate the remainder when 180 is divided by 56.
12
What is the remainder when 62 is divided by 29?
4
What is the remainder when 4942 is divided by 18?
10
What is the remainder when 973 is divided by 377?
219
Calculate the remainder when 11722 is divided by 22.
18
Calculate the remainder when 2497 is divided by 816.
49
What is the remainder when 244 is divided by 8?
4
What is the remainder when 44 is divided by 25?
19
Calculate the remainder when 776 is divided by 21.
20
Calculate the remainder when 128 is divided by 19.
14
What is the remainder when 95 is divided by 7?
4
Calculate the remainder when 426 is divided by 1.
0
What is the remainder when 101 is divided by 26?
23
Calculate the remainder when 78 is divided by 9.
6
Calculate the remainder when 158 is divided by 149.
9
Calculate the remainder when 524 is divided by 135.
119
What is the remainder when 261 is divided by 94?
73
What is the remainder when 3284 is divided by 11?
6
Calculate the remainder when 52 is divided by 20.
12
Calculate the remainder when 157 is divided by 35.
17
Calculate the remainder when 428 is divided by 86.
84
Calculate the remainder when 389 is divided by 135.
119
What is the remainder when 49 is divided by 18?
13
Calculate the remainder when 35 is divided by 7.
0
Calculate the remainder when 6837 is divided by 22.
17
What is the remainder when 113 is divided by 54?
5
What is the remainder when 349 is divided by 57?
7
Calculate the remainder when 7233 is divided by 54.
51
Calculate the remainder when 1057 is divided by 307.
136
What is the remainder when 182 is divided by 181?
1
What is the remainder when 44 is divided by 20?
4
Calculate the remainder when 121 is divided by 8.
1
Calculate the remainder when 64 is divided by 46.
18
What is the remainder when 108 is divided by 5?
3
What is the remainder when 635 is divided by 13?
11
What is the remainder when 716 is divided by 48?
44
What is the remainder when 486 is divided by 74?
42
Calculate the remainder when 616 is divided by 174.
94
What is the remainder when 2893 is divided by 20?
13
Calculate the remainder when 79 is divided by 20.
19
Calculate the remainder when 228 is divided by 117.
111
Calculate the remainder when 21107 is divided by 91.
86
Calculate the remainder when 8422 is divided by 81.
79
Calculate the remainder when 368 is divided by 107.
47
Calculate the remainder when 198 is divided by 8.
6
Calculate the remainder when 141 is divided by 49.
43
Calculate the remainder when 254 is divided by 32.
30
What is the remainder when 2184 is divided by 58?
38
Calculate the remainder when 8938 is divided by 60.
58
What is the remainder when 657 is divided by 11?
8
What is the remainder when 585 is divided by 31?
27
What is the remainder when 535 is divided by 130?
15
Calculate the rema